t w(g) = g**3 + g**2 - 4. Calculate w(y).
-4
Let v = -1090 + 1092. Let u(a) = 7*a**2 + 1. What is u(v)?
29
Let s(n) = -3*n**2 - 4*n + 3. Let h(r) = 2*r**3 + 76*r**2 + 73*r - 41. Let b be h(-37). Give s(b).
-29
Let i(d) be the second derivative of -d**4/3 - d**3/3 + 5*d**2/2 - 488*d - 1. Calculate i(0).
5
Let i(w) = -1044*w + 1051*w + w**2 + 744 - 741. What is i(-6)?
-3
Let d(q) = -9 + 7 + 4 - q**2 + 2*q. Let r be d(0). Let h(k) = -k**3 + 3*k**3 - 3*k**3 - 3*k**2 + 0*k - 4 + r*k. Determine h(-4).
4
Suppose -o - 171 = -174. Let w(s) = s**o - 2*s**3 - 22*s + 16*s - 1 + 5*s**2 + 12*s. Calculate w(6).
-1
Let d(o) = o**2 + 12*o + 12. Let z(t) = 7*t - 55. Let r be z(8). Let h(j) = j + 1. Let a(b) = r*d(b) - 4*h(b). Suppose -9 = k - 3. What is a(k)?
-4
Let s be 4 - (17/(-34))/((-1)/6). Let p(j) = 2*j**2 - 2*j**2 - s + 3*j + 3*j**2 + j. Suppose 0 = 7*y - 5*y + 6. What is p(y)?
14
Let i = 36 - 50. Let n = i - -8. Let c(v) be the second derivative of -v**4/12 - 3*v**3/2 - 9*v**2/2 - 83*v. Calculate c(n).
9
Suppose b = 7, 10*c - 11*c - 14 = -3*b. Let u(n) = n**2 - 2*n. What is u(c)?
35
Let k(m) be the second derivative of -m**4/12 + 11*m**3/6 + 7*m**2 - 14*m. Let q = -10996 - -11008. Determine k(q).
2
Let t(m) = -3*m**2 - 8*m + 31. Let y(a) = 9*a**2 + 24*a - 95. Let v(j) = 16*t(j) + 5*y(j). Give v(-5).
-14
Let n(a) be the third derivative of -a**6/30 + a**5/30 - a**3/6 + 4171*a**2. Determine n(1).
-3
Let m(b) = 7*b - 11. Suppose -4*l - d = -18, -55*d + 54*d - 3 = -3*l. Calculate m(l).
10
Suppose -2*g - 137 = 5*p, -10*p + 5*g - 188 = 77. Let x(y) = 18*y + 486. Calculate x(p).
0
Let h(k) = 4*k - 1. Let o(m) = m**3 - 2*m**2 + 6. Let t be o(3). Let p = 6 - t. Let f be (-3)/p - (-77)/21. Determine h(f).
15
Let y(q) = 10*q - 17. Let f be y(2). Let x = -3 + 5. Let b(d) = -3*d - 6 - 4*d - d**3 + 5*d**2 + f*d**x + 0*d. What is b(7)?
-6
Let c(l) = -l**2 + 2*l. Let t(v) be the second derivative of -v**5/20 + 5*v**4/12 - 7*v**3/6 - 15*v**2/2 + 151*v. Let m(h) = 4*c(h) + t(h). What is m(0)?
-15
Let m(y) = y**2 + 12. Let j(l) = l**2 - l - 5. Let s(p) = 2*j(p) + m(p). Determine s(-3).
35
Let f(c) = -2*c**3 - 32*c**2 + 18*c + 285. Let o(m) = m**2 - 20*m - 2416. Let b be o(-40). What is f(b)?
-3
Let i(l) = -l**3 + 4*l**2 + 6. Let y(q) = -q**3 + 3*q**2 + 6. Let z(o) = -2*i(o) + 3*y(o). Suppose -102 = -3*m - 5*p - 92, -3*m + 2 = p. What is z(m)?
6
Suppose -2*h = h - 12. Suppose -4*w + 8*w = -h. Let z(l) = -447*l**2 + 18 + 451*l**2 - 17. What is z(w)?
5
Suppose -4*g + 2*i = 34, 5*i + 0 - 13 = -2*g. Let w be 84/g*(-1)/(2/4). Let s(c) = -9*c**2 + 2 - 4*c - 18*c**2 + w*c**2. Calculate s(3).
-1
Suppose 6*q - 72 = -12*q. Let g(o) = 5 - o**2 - 35*o + 30*o - q + 3. Determine g(-6).
-2
Let l = 3/50 + 7/300. Let z(f) be the second derivative of 3/2*f**2 + 14*f + l*f**4 + 0 + 1/6*f**3. What is z(-3)?
9
Let x be (18 - 27) + (-1526)/(-168). Let p(a) be the third derivative of 5/6*a**3 - x*a**4 - 17*a**2 + 0*a + 0. Give p(7).
-9
Let d = 5238 - 5242. Let o(b) = -14*b - 52. Calculate o(d).
4
Let v(p) = 3 - 3 - 1 - 42*p**2 + 5*p + 43*p**2. Suppose -3*s + 1 = 13. Give v(s).
-5
Let q(s) = -3*s**3 + s**2 + 3*s + 3. Let m(c) = -c**3 - c**2 - 2*c - 1. Let a(d) = -m(d) - q(d). Suppose 0 = 55*k - 62*k - 14. Give a(k).
-32
Let h be (60/80)/(3/2472*2). Let z(u) = -308 + 7*u + h - 15*u. Let n be 13/(-65) + (-32)/(-10). Calculate z(n).
-23
Let v(s) = -s**3 + 4*s**2 - 3*s. Let y be 2/(-1)*(-52)/8. Let d be (-5 + y)*2/8. What is v(d)?
2
Let s(v) = -5*v**2 + 2*v. Let j = -1800 - -1802. Give s(j).
-16
Let j(p) = -6*p - 1 - 2 + 2*p + 6. Let k be (18/(-8))/(-9)*332/1. Let g = k - 81. Give j(g).
-5
Let g be (24/5 + -4)/((-4)/10). Let a be (12/(-3) + 3)*g. Let p(s) = -34 + s**3 + 30 - a*s**3 + 6*s**2. Give p(6).
-4
Let w(d) be the third derivative of d**5/60 - 29*d**4/24 + 97*d**3/6 + d**2 + 1911. Determine w(4).
-3
Let t(k) = -4*k + 6. Suppose -2*n + 16 = -2*r, -27*r + 39 = -32*r + 4*n. Let j(l) = -2*l + 3*l + 3 - 3*l. Let c(a) = r*j(a) + 3*t(a). Determine c(3).
3
Let l(o) = o**2 - 11472*o + 34410. Let k be l(3). Suppose 6*v - 2*v - 12 = 0. Let a(c) = -c**2 + 4*c**2 - 2*c**2 - 3 - v*c. What is a(k)?
-3
Let m(s) be the second derivative of s**5/20 + s**4/3 - s**2/2 + 2*s. Suppose 0 = -z - 3*y + y, 98*z - 102*z - 3*y = 10. What is m(z)?
-1
Let s(t) be the first derivative of -t**2/2 - 3*t + 1984. Let v(p) = 6*p + 2. Let c be v(-2). Calculate s(c).
7
Let s(a) = -a**3 + 29*a**2 + 171*a - 32. Let w(j) = j**3 - 6*j**2 - 4*j + 79. Let v be w(5). Give s(v).
2
Let o(n) = 2*n**3 - 33*n**2 + 94*n - 25. Let i be o(13). Let h(a) = -a + 1. Give h(i).
-13
Let f(g) = -g**2 - g - 2. Let s(b) = -2*b**3 - 21*b**2 - 11*b - 15. Let t be s(-10). Let d(r) = 6*r**2 + r + 12. Let v(n) = t*f(n) - d(n). Calculate v(4).
-2
Let j(m) = 38*m**2 - 16*m**2 + 4*m**2. Let o = 2 - 3. Calculate j(o).
26
Let k(y) = -147*y - 1 + 144*y + 26*y**2 + 19 - 25*y**2. Give k(4).
22
Let k = 559 + -558. Let u(m) = 2 + 4*m**3 - 3*m - 83*m**2 + 48*m**2 + 36*m**2. Determine u(k).
4
Let c(d) be the third derivative of -d**6/120 + 2*d**5/15 - d**4/3 + 3*d**3/2 + 4*d**2 + 29*d. What is c(7)?
2
Let i(w) be the third derivative of -w**6/360 - 11*w**5/120 + 25*w**4/24 + 265*w**3/6 + 12*w**2 - 2. Let d(b) be the first derivative of i(b). Determine d(-13).
-1
Let j(u) = -u**2 - 10*u - 9. Suppose -2*s + 3*s = c - 6, 5*c = 3*s + 24. Let b(o) = -13*o + 30. Let d be b(c). What is j(d)?
0
Let r(j) = -j**3 - 8*j**2 - 4 - 2 - 11*j + 5*j. Suppose 37 = -m - 2*u, 3*m + 55 - 19 = -u. What is r(m)?
-13
Let g(k) = -740*k + 817. Let m(p) = -522*p + 545. Let i(r) = 5*g(r) - 7*m(r). Determine i(6).
-6
Suppose -7 = -121*d + 120*d. Let w(a) = -a - 7. Calculate w(d).
-14
Let n(d) = d - 8. Let l be (3 - (-1)/1*41)*-1. Let r = l - -48. Suppose -3*p - 39 = -3*s, 15 + r = s - 3*p. What is n(s)?
2
Let q(l) = -l + 4. Let m be q(-2). Suppose -2*x + m = 2*b, -5*x + 2*b + 9 = b. Let n(u) = -4*u + x + 3*u - u - u. Determine n(2).
-4
Suppose -166 - 95 = 87*z. Let y(g) = g**3 + 2*g**2 + 2*g + 10. What is y(z)?
-5
Let a(c) be the second derivative of -2*c**3/3 - 9*c**2/2 + 2*c - 127. Calculate a(-10).
31
Let w(y) be the first derivative of -5*y**4/4 + y**2 - 4*y + 9289. What is w(2)?
-40
Let q(i) be the third derivative of 5*i**4/8 - 3*i**2 + i. Let r(m) = 4*m**3 + 3*m**2 - 5*m - 7. Let w be r(-1). Give q(w).
-45
Let a(k) = 1 + 32*k**2 + k**2 + k - 2*k. Suppose 30*p - 202 + 172 = 0. What is a(p)?
33
Let v = 30427 + -30432. Let i(m) = -3*m**3 - 3*m**2 + 2*m - 8. Let c(d) = -7 - 4*d - 3*d**2 + 5*d - 3*d**3 + 0. Let q(j) = v*c(j) + 4*i(j). Determine q(-2).
-15
Let x(k) be the second derivative of k**4/12 - k**3/3 + 83*k**2/2 - 12*k + 122. Determine x(0).
83
Let o be (-10)/145 - 5256/(-522). Let v(y) = 20*y - 200. Determine v(o).
0
Let p(v) be the first derivative of v**3/3 - 19*v**2/2 + 48*v + 3081. Give p(13).
-30
Let o(i) be the second derivative of 3/2*i**3 - 2*i - 4 + 3*i**2. Let r(a) = 7*a + 5. Let t(x) = 2*o(x) - 3*r(x). Determine t(-4).
9
Let c(f) = -f**2 + 27*f - 110. Let g be c(22). Suppose g = -5*h + 3*w - 12, -4*w = -4*h - w - 9. Let y(j) = -j**3 - 2*j**2 + 1. What is y(h)?
10
Let x(z) be the first derivative of 4*z**2 - 379. What is x(13)?
104
Let x(h) = 11*h**2 + 24*h + 55. Let j(m) = -3*m**2 + m. Let w(b) = 4*j(b) + x(b). Give w(30).
-5
Let m(k) = 1244*k**3 + 1241*k**3 + 2*k - 3 + 2*k**2 + 1241*k**3 + 4*k - 3727*k**3. What is m(4)?
-11
Let a(l) be the first derivative of -3/2*l**2 + 38 - 6*l. Determine a(-4).
6
Let y(c) = c**3 - 27*c**2 + 27*c + 12. Let p(s) = -s**3 - 87*s**2 + 86*s - 150. Let z be p(-88). Calculate y(z).
38
Let h(m) = -73*m - 8. Let r(i) = -308*i - 31. Let d(b) = 17*h(b) - 4*r(b). Determine d(0).
-12
Let q(x) = -x**3 + 5*x**2 + 2*x. Let h be q(4). Suppose 7*z - h + 3 = 0. Suppose r - 2 = z*r. Let p(g) = 15*g**2 + 2*g + 1. Give p(r).
14
Let t(z) = 1697*z - 13 - 3385*z + z**2 + 1703*z. Give t(-8).
-69
Let b(x) = -x - 1. Let f be 8/32*4*0. Suppose -3*l + 15 = f, w - 9 = -0*l - l. Calculate b(w).
-5
Let k(v) = -v**2 + 6*v - 4. Let q be 1/((-8)/(-816)) + -1. Let u = -98 + q. Give k(u).
5
Let f(s) = 994*s - 995. Let p be f(1). Let m(q) = -1 - 9*q + 5 - 1. Let c(x) = -3*x + 1. Let z(b) = 7*c(b) - 2*m(b). Determine z(p).
4
Let c(n) = 3*n - 16. Let u(r) = 2*r**2 + 11*r - 32